is the greatest common divisor of u and d?
4
Suppose 0*b = -22*b. Suppose b = -2*j - 99 + 467. Calculate the greatest common factor of 8 and j.
8
Let t be (-1083)/(-9) - (-1)/(-3). Let z(v) = 652*v + 2046. Let p be z(-3). What is the highest common divisor of t and p?
30
Let f = -19953 - -20939. Calculate the greatest common divisor of 68 and f.
34
Let a = 7181 - 7161. Calculate the greatest common factor of a and 215.
5
Suppose -5*k - 23 - 14 = -3*z, -2*z = 5*k - 33. Let y = -7848 - -7932. Calculate the highest common factor of y and z.
14
Let y(n) = -13*n + 5. Let b be y(-1). Let u(k) = k**2 + 3*k + 1. Let g be u(-5). Suppose g*m = m + 180. Calculate the highest common divisor of m and b.
18
Let r = -453 - -519. Calculate the highest common divisor of 165 and r.
33
Let h(x) = 3*x**3 + 5*x**2 + 3*x - 14. Let m be h(2). Calculate the greatest common divisor of m and 1170.
18
Suppose -79*y + 80*y - 139 = 0. Let c = y - 75. Suppose 2*a + 2*i - 30 = 0, a + 3 = 2*i + 21. What is the highest common factor of c and a?
16
Suppose -420 = -18*c + 63 + 435. What is the greatest common factor of c and 1241?
17
Let x = 18030 - 17764. What is the highest common divisor of x and 14?
14
Suppose k + 165 = -4*u + 777, 2*k - 1188 = 4*u. What is the greatest common factor of 11850 and k?
150
Suppose -3*i = -u + 552, 3*i - 1474 = -3*u + 170. What is the highest common factor of 15 and u?
3
Let k(r) = 181*r**2 + 175*r + 176. Let m be k(-1). What is the greatest common factor of m and 442?
26
Let l(o) = -6*o - 2*o**2 - o**3 + o**2 - 1 + 6*o**2 + 0. Let r be l(3). Let y = r - -35. Calculate the greatest common factor of 17 and y.
17
Suppose 106*r - 173664 = 70*r. What is the greatest common divisor of r and 144?
72
Let r(x) = 3477*x - 1272. Let a be r(3). Calculate the highest common divisor of a and 129.
129
Suppose 108*x - 51*x - 3192 = 0. What is the highest common divisor of 1316 and x?
28
Let d be (0/((-2)/2))/1. Suppose d = -5*v - 5*v + 40. Let m be -9*((-46)/30 - v/(-20)). What is the highest common divisor of 9 and m?
3
Suppose -921 = -5*i - 3*r, -45*r + 187 = i - 43*r. What is the highest common divisor of i and 1159?
61
Let z be -3 + ((-16)/(-8) - -28). Suppose 5*w = 2*n - 849, -3*w - 2*w = n - 447. Calculate the greatest common factor of z and n.
27
Suppose -t - 75 = -y, 3*y - 2*t = -113 + 339. What is the highest common divisor of y and 4484?
76
Let r = 28 - 67. Let w = r + 113. Let y = -72 + w. What is the highest common factor of 5 and y?
1
Let f(p) = p**2 - 6*p - 18. Let x be f(-3). Suppose 5*a - x = 2*a. Let o be -1*a + 8/(2 + 0). What is the highest common factor of 10 and o?
1
Let h = 40225 - 39229. Calculate the greatest common factor of h and 270.
6
Suppose 0 = -90*a + 96*a - 888. Suppose 22 + 98 = 3*y - 3*h, h + a = 4*y. Suppose 2*p = 5 + 103. Calculate the greatest common divisor of y and p.
18
Let i = 141 - 235. Let b = 63 + i. Let o be -4 - -6 - (b + 1). What is the greatest common factor of 4 and o?
4
Let o(t) = -2*t**3 - 102*t**2 - 101*t - 30. Let m be o(-50). Suppose -2*n + 5*j + m = 0, 4*n + 4*j - 15 = -3. What is the highest common factor of 155 and n?
5
Let r be (4 - 1)/(7/7). Suppose 4*u - 180 = -g + 5*u, -2*g + 358 = -r*u. What is the greatest common divisor of g and 98?
14
Suppose d = -c - 273 + 2227, c - 1942 = -4*d. What is the greatest common factor of c and 22?
22
Suppose 5*q + 195 = 4*h, -205 = -4*h + 9*q - 6*q. Suppose -4*x + 0*x = -2420. Calculate the highest common factor of h and x.
55
Let j(f) = -f**3 + 6*f**2 + 4*f + 1024. Let v be j(0). Calculate the greatest common divisor of v and 80.
16
Suppose -2*z = -p - 9 - 24, -2*z - 4*p = -28. Calculate the highest common factor of z and 10544.
16
Let d = -116 - -242. Let n be ((-15651090)/325)/(-182)*(-5)/(-3). Calculate the highest common divisor of n and d.
63
Let o be 2/52*39*3/9*56486. Calculate the greatest common divisor of 122 and o.
61
Let h = 9 - 52. Let g = 48 + h. Let j be (13 - 11)*g/2. What is the highest common factor of j and 25?
5
Let d be (-51)/(-6)*(-12 - 2). Let y = -88 - d. What is the greatest common factor of 341 and y?
31
Suppose 874 = -87*u + 69082. Calculate the highest common factor of u and 448.
112
Suppose 2534395 - 258591 = 58*s. Calculate the highest common factor of s and 46.
46
Suppose 0*p - 25*p - 20 = -270. Let m = -46 - -76. Calculate the greatest common divisor of p and m.
10
Let l = -8045 - -8422. What is the highest common factor of l and 78?
13
Let s = 1382 - 964. Suppose s = 42*n - 338. What is the highest common divisor of n and 6?
6
Let k = 2225 - 2209. What is the highest common divisor of 20 and k?
4
Let a(h) = -109*h + 1. Let v be a(-1). Suppose 85*t - 157 - 679 - 14 = 0. What is the highest common factor of v and t?
10
Let f be 16656/28 + 12/(-14). Suppose 0 = -8*m - 14*m + f. What is the greatest common factor of 3 and m?
3
Let w = 25 - 14. Let d = -12331 + 12540. What is the highest common divisor of w and d?
11
Let v(m) = -35*m**3 - 8*m**2 - 17*m + 3. Let n be v(-2). What is the greatest common factor of n and 1197?
57
Let d = 2097 + -1934. What is the greatest common divisor of d and 13203?
163
Let n be ((-16)/14)/(-12 - (-246)/21). Suppose -5*v - 15 = 3*g - 4*g, -n*v + 16 = 2*g. Calculate the greatest common divisor of g and 260.
10
Let h(v) = 2*v**2 + 11*v - 71. Suppose 0 = -28*k + 21*k + 56. Let b be h(k). Calculate the greatest common divisor of 58 and b.
29
Let n(j) = -23*j + 1277. Let a be n(52). What is the highest common factor of a and 630?
9
Let i be ((-4 - -2) + 1/4)*4. Let q(o) = 18*o + 140. Let v be q(i). What is the greatest common factor of v and 70?
14
Let f = 70 - 62. Suppose 0 = 2*g + f, 2*x - 4*g = 15 + 3. Let i be (0 - x) + (-114)/(-6). What is the highest common divisor of i and 9?
9
Suppose 6*k + 90 = 11*k. Let i(s) = s**3 - 16*s**2 + 11*s + 1. Let z be i(15). Let g = z - -68. Calculate the highest common factor of k and g.
9
Let f = 1034 - -2647. Calculate the greatest common factor of 18 and f.
9
Let n(w) = 20*w - 1. Let s be n(1). Let k(h) = -2*h**3 + 55*h**2 + 28*h + 95. Let b be k(28). Calculate the greatest common divisor of s and b.
19
Suppose 524 = 2*b + 9*b - 224. What is the highest common divisor of 392 and b?
4
Let a = -23469 - -23514. Let q = 13 - 3. Calculate the highest common divisor of a and q.
5
Let w(u) = u**3 - 9*u**2 - 10*u - 3. Let g be w(10). Let r be 7*g*20/(-12). Let l be (20/(-24))/(6/(-72)). Calculate the highest common divisor of r and l.
5
Suppose 3*z + 16 = 4. Let s be 4 + z + (-6)/(-3). Suppose -p = 3*q - 62, 4*q + s*p - 81 = p. What is the highest common factor of 171 and q?
19
Let v = -581 + 584. Suppose 3*z - v*f = 867, 4*z = 2*f + 1236 - 86. Suppose w + 3 = 0, u - 14 - 3 = -3*w. Calculate the highest common divisor of z and u.
26
Suppose -5*x - 2*l = -l - 1552, 1250 = 4*x + 5*l. Suppose 4*n + 198 = 3*y, -5*y + 114*n - 119*n + 295 = 0. Calculate the highest common factor of y and x.
62
Let s be (-1*1 + (-20)/(-10))*46. Suppose -2*q - 4*k + s = 0, 9 + 42 = 2*q + 5*k. Calculate the greatest common factor of q and 923.
13
Suppose 5*s - 12*z + 8*z = 230, 5*z - 175 = -3*s. Calculate the highest common factor of 300 and s.
50
Let n(j) = 17*j + 1 - 4 - 114*j - 4. Let f be n(-3). Calculate the highest common divisor of 71 and f.
71
Suppose -5*d + 1938 + 1187 = 0. Let j = -244 + d. Let r = j + -174. What is the greatest common divisor of 23 and r?
23
Let h = -8701 + 8739. Calculate the highest common factor of h and 2071.
19
Let t(m) = m**3 + 25*m**2 - 11*m - 265. Let z be t(-25). What is the highest common factor of 3315 and z?
5
Let o = -85 - -153. Let s be ((-430)/(-140) - 10/140) + 1. What is the highest common factor of o and s?
4
Let a be 38/(-8) + 21/28. Let l be 2/12*a + 268/6. Let m be 2/19 + (-1863)/(-171). What is the highest common factor of m and l?
11
Let b(g) = -g**2 + 5*g + 4. Let s be b(-1). Let m be ((-28)/(-70))/(s/30). Let x be (-22)/6*(m + 2 + 1). What is the highest common divisor of 11 and x?
11
Let s(m) = 3*m + 23. Let d(r) = 16*r + 116. Let q(v) = -2*d(v) + 11*s(v). Let t be q(5). Suppose -6*j + 65 = -j. Calculate the highest common factor of t and j.
13
Let d(f) = 14*f**2 - 32*f - 15. Let v be d(6). Calculate the highest common divisor of 216 and v.
27
L